t v be (-93)/(-7) - w/(-14). Suppose -2*h + v = -h. Calculate the remainder when 38 is divided by h.
12
Suppose -h + 5*h = -3*q + 58, h + 5*q = 6. Calculate the remainder when h is divided by 9.
7
Let q be (-4)/10 - (-28)/(-5). Let y(a) = -a**2 - 8*a - 3. What is the remainder when 25 is divided by y(q)?
7
Let z(s) = -s**3 - 7*s**2 - 6*s - 3. Let m be z(-6). Calculate the remainder when 23 is divided by (-20)/m*(-36)/(-30).
7
Let t(s) = 5 - 27*s**2 - 10*s + 52*s**2 - 26*s**2. What is the remainder when t(-9) is divided by (3/(-6))/(2/(-16))?
2
Let u(p) = 43*p + 6. Calculate the remainder when u(1) is divided by 26.
23
Let w be 1/(-3)*(-3 + 9). What is the remainder when (w - -3) + -3 - -11 is divided by 4?
1
What is the remainder when 133 is divided by 1/(121/495 + (-2)/9)?
43
Suppose -3*o = p - 47, o - 4*p + 2 - 9 = 0. Suppose 2*g = 2*z + 26, 0 = -0*g - 2*g + 4*z + 34. Calculate the remainder when o is divided by g.
6
Let h(v) = -v**3 - 5*v**2 + 2*v + 5. Let b be h(-5). Let r(d) = -2*d + 3. Calculate the remainder when r(b) is divided by 4.
1
Suppose 4 = 2*h + 4*u - 6, 4*h - 38 = u. Let r(o) = 2*o + 12. What is the remainder when r(7) is divided by h?
8
Suppose 2*a - l - 107 = -a, a - l - 37 = 0. Suppose 0*w + 36 = 3*w. What is the remainder when a is divided by w?
11
Let n = 243 - 90. What is the remainder when n is divided by 11?
10
Let k = -3 - -11. What is the remainder when 22 is divided by k?
6
Suppose 0 = -o + 4*o - 12. Calculate the remainder when ((-76)/(-2))/(o/2) is divided by 7.
5
Let r(j) = j + 12. Let m = -12 + 34. Calculate the remainder when m is divided by r(0).
10
Suppose k - 4*w = 76, -4*k + 4*w - 99 + 355 = 0. What is the remainder when 116 is divided by k?
56
Let x = 97 + -64. What is the remainder when 26 is divided by x/3 - 1*-3?
12
Let v = 30 - 16. Calculate the remainder when v is divided by 3.
2
Let q(h) = -h**3 - 7*h**2 + 3*h - 11. Let w(k) = -2*k - 1. Let x be w(-2). What is the remainder when q(-8) is divided by x - ((-42)/3)/2?
9
Suppose -155 = -7*h - 8. Calculate the remainder when 59 is divided by h.
17
Let y = 37 + -20. Calculate the remainder when 48 is divided by y.
14
Suppose -8*d + 3*d + 10 = 0. Suppose 5*w + d*t = 23, 4*t - 13 + 6 = 3*w. What is the remainder when 4 is divided by w?
1
Suppose -135 = -q - 2*q. Suppose 5*u + 16 = h - 0*u, -h + 16 = -u. Calculate the remainder when q is divided by h.
13
Suppose -p = -7 - 9. Calculate the remainder when p is divided by 5.
1
Suppose -4*a + 3*i = 284, -a + 4*i = -0*i + 58. Suppose 6*h - 80 = h. What is the remainder when h is divided by a/(-8) + 6/(-24)?
7
Suppose -d + 0*d + 2 = 0. Suppose d*c - 6 - 14 = 0. What is the remainder when c is divided by 6?
4
Let w(g) = g**2 - g - 2. Calculate the remainder when w(3) is divided by (-2)/8 - (-54)/24.
0
Suppose 2*k = 7*k - 50. Suppose -n + 3 = -k. Calculate the remainder when n is divided by 5.
3
Suppose 8*j = 219 + 5. Calculate the remainder when j is divided by 8.
4
Let q = -49 + 22. Let f = -17 - q. Let k(w) = -w**3 + 9*w**2 + 11*w + 1. Calculate the remainder when 20 is divided by k(f).
9
Suppose -5*z + 0 = 5, -6 = -5*n - 4*z. Suppose 0 = -2*c, n*u + 38 = 4*u + 3*c. What is the remainder when (-218)/(-4) + (-2)/(-4) is divided by u?
17
Suppose h - 14 = 2*f, -5*f + h - 35 = -4*h. Let k(d) = -5. Let w(j) = -j - 16. Let r(c) = f*k(c) + 2*w(c). What is the remainder when r(-6) is divided by 8?
7
Let t(c) = -4*c - 25. Calculate the remainder when 27 is divided by t(-10).
12
Let m(h) = h + 8. What is the remainder when 2/(-3) + 34/6 is divided by m(-6)?
1
Let d = 5 + -11. Let p(v) = -v**2 - 12*v - 1. Calculate the remainder when p(-8) is divided by ((-4)/d)/((-3)/(-72)).
15
Let q be 3/(-6) + 33/6. Suppose 0 = 5*p - 3*w + 12, -p + 5*w = -q*p + 20. Suppose p = -4*n - 0*n + 196. Calculate the remainder when n is divided by 17.
15
Suppose -s + 57 = 2*s. Let q(r) = r**3 + r + 9*r**2 - 2*r**3 - 8*r + 2. Calculate the remainder when s is divided by q(8).
9
Suppose 6*z + 4*n - 82 = 4*z, 5*n = 4*z - 216. Suppose -2*d = 4*r - 50, -4*r + 7*d - 2*d + 57 = 0. Calculate the remainder when z is divided by r.
10
Suppose 5*n + 2*q - 66 = q, 0 = n - q - 12. Suppose -3*z + 2*j + 5 + 8 = 0, -4*z = -3*j - 16. What is the remainder when n is divided by z?
6
Suppose -14 = -6*r + 4*r. Calculate the remainder when 15/(r/6 + -1) is divided by 23.
21
Suppose 5*n = -4*r + 11, 2*n + r - 2 = -0*r. Suppose -j - 5*v = -8, 2*j = -j - 2*v - 2. Let m = n - j. What is the remainder when 2 is divided by m?
0
Let d = -42 + 77. Let g = -18 + d. Calculate the remainder when 33 is divided by g.
16
Let s(u) = -2*u - 1. Let v(d) = d - 2. Let p be v(0). Let m be s(p). Let h = m + -2. Calculate the remainder when 1 is divided by h.
0
Let a(q) = -7*q - 4. Let f be a(-4). Suppose -9 = -2*b - 1. Suppose -g = -b*g + f. Calculate the remainder when g is divided by 3.
2
Suppose -4*b + 3*b + 13 = 0. What is the remainder when 16 is divided by b?
3
What is the remainder when (-1)/((14/(-21))/(58/3)) is divided by 5?
4
Let v(u) be the first derivative of 4*u**2 - 2*u + 1. Calculate the remainder when 53 is divided by v(2).
11
Let j = 2 + 13. Calculate the remainder when 57 is divided by j.
12
Let n(r) = r**3 - 9*r**2 + 8*r - 8. Let f be n(7). Let i = f + 87. Calculate the remainder when i is divided by 19.
18
Suppose -29 = -m - 4. Let o be 2 + (-3 - 1*-2). Suppose -10 = -u - o. What is the remainder when m is divided by u?
7
Let z = -8 + 41. Calculate the remainder when z is divided by 9.
6
Let k be 2 + -4 + -1 + 0. Let o = 12 + k. Let h(n) = 2*n**2 - 12*n + 11. What is the remainder when h(7) is divided by o?
7
Suppose -3*o = 5*g + 1 - 8, 0 = -4*o + 5*g - 14. What is the remainder when 110 is divided by 4 - (4 - (-28)/o)?
26
Suppose 0 = 4*y - 6*y + 62. Let q = -4 + 6. What is the remainder when y is divided by q/(-8) + 90/8?
9
Suppose u - 192 = -2*u. Suppose -3*p + 391 = u. Calculate the remainder when p is divided by 28.
25
Suppose 4*x = 5*g - 2 + 16, 28 = -2*g - 4*x. Let v = -4 - g. Suppose 0 = 6*z - v*z - 12. Calculate the remainder when z is divided by 2.
1
Let b = -175 + 243. What is the remainder when b is divided by 7?
5
What is the remainder when 15 is divided by 3/(9/48*4)?
3
Let h(p) = 5*p + 1. Let n be h(1). Let b(m) = m**3 - 7*m**2 + 7*m + 4. Let d be b(n). Suppose g - d = -1. Calculate the remainder when g is divided by 5.
4
Let v(k) = -k**2 - 6*k - 5. What is the remainder when v(-3) is divided by 2?
0
Let l = -6 + 10. Suppose l*s + 2*r = 20, 0*r = -4*s + 3*r + 30. What is the remainder when -1 + 0 + 17 + 1 is divided by s?
5
Let u(o) = o - 6. What is the remainder when 73 is divided by u(21)?
13
Suppose 0*f = 4*f - 40. Let s be (f/6 + -2)*3. What is the remainder when s/3 + (-187)/(-3) is divided by 21?
20
Let d(i) be the second derivative of i**2 + 1/6*i**4 - i + 0 + 5/3*i**3. What is the remainder when d(-7) is divided by 8?
6
Let k(z) = z**2 - 4 - 2*z - z + 8*z. Calculate the remainder when 18 is divided by k(-7).
8
Let w = 184 - -19. What is the remainder when w is divided by 51?
50
Let k = 6 + -1. Suppose 4*q - 68 = -u, -k*q - 3*u + 74 = u. Calculate the remainder when q is divided by 5.
3
Suppose 5*o + 3*f = 4*o + 11, -5*f + 65 = 5*o. Suppose 5*c = o + 11. Suppose -c*u + 38 = -2. Calculate the remainder when 23 is divided by u.
7
Suppose -8*h - 12 = -10*h. What is the remainder when 23 is divided by h?
5
Suppose -4*l = -3 - 9. Let o(k) = -k**2 - 3*k. Suppose 0 = c - 4 + 6. Calculate the remainder when l is divided by o(c).
1
Suppose 3 = 5*q - 4*q. What is the remainder when 220/12 - (-2)/q is divided by 11?
8
Suppose 10*k - 54 = 346. Calculate the remainder when k is divided by 14.
12
Let b be ((-8)/12)/((-4)/(-6)). Suppose -128 = -4*c - 20. Calculate the remainder when c is divided by 5/(-4)*(b - 7).
7
Suppose l + 93 = 4*l. Calculate the remainder when l is divided by 17.
14
Let k = -10 - -16. What is the remainder when (0 - -5)/((-10)/(-20)) is divided by k?
4
Suppose -34 + 126 = 4*r. Suppose 4*u + 7*c - 2*c = 17, 4*u - 5*c - 47 = 0. Calculate the remainder when r is divided by u.
7
Let i(g) = g + 18. Calculate the remainder when i(0) is divided by 10.
8
Suppose 2*i - 5*x = 22, 0*i - 3*i + 3*x = -24. Suppose -f = 3*k - 5*k + 16, -f = -4*k + 32.